Suppose p = 4*d - 0*d. Suppose 0*b - 66 = -3*b. Calculate the highest common factor of d and b.
11
Let f(c) = -c - 4. Let h be f(-4). Suppose -2*y + 41 - 11 = h. What is the greatest common divisor of y and 30?
15
Suppose -137 = 4*o - 17. Let y = -16 - o. Calculate the highest common divisor of 112 and y.
14
Suppose -9*h = -107 - 37. Calculate the greatest common divisor of h and 128.
16
Let c(l) = -l**3 + 13*l**2 - 12*l - 9. Suppose s + 5*k + 8 = 3*s, 4*s - 42 = -3*k. Let o be c(s). Calculate the greatest common factor of 23 and o.
23
Suppose -p = -2*p - 5. Let x be 12/30 - (-22)/p. Let g(o) = -2*o + 5. Let n be g(x). What is the greatest common factor of 78 and n?
13
Let k be 26/2*12/(-6). Let g be k/(-8) - (-1)/(-4). Suppose 0 = -5*u + g*u + 110. What is the greatest common divisor of 22 and u?
11
Let p = 63 + -31. Suppose 0 = 4*b + d - 163, 3*b + 2*d - p = 2*b. What is the greatest common factor of b and 6?
6
Let o be 4*((-49)/4)/(-7). Calculate the highest common factor of 28 and o.
7
Suppose -716 = -4*u + 68. Let w = u - 79. What is the highest common divisor of w and 13?
13
Suppose 0 = -5*z - 335 + 1775. What is the greatest common factor of 32 and z?
32
Suppose -5*b + 2*l + 137 = 0, -5*b - l + 26 = -4*b. Calculate the highest common divisor of b and 3.
3
Let q = 3 + 7. Suppose -2*f + 2 = -5*f - w, f = -5*w - 24. Let c be 5*4 + (f - 1). What is the highest common factor of c and q?
10
Let v = 76 - 52. Calculate the highest common factor of v and 3.
3
Let n = -4 - -20. Let w = n - 37. Let c = w + 41. What is the highest common divisor of 50 and c?
10
Let u(s) = s + 14. Let g be u(-6). Calculate the highest common divisor of 72 and g.
8
Let k = 22 - 8. Let p = 15 - 1. What is the greatest common factor of p and k?
14
Suppose 0 = -n - 4*n + b + 15, 0 = 5*b. What is the greatest common divisor of 4 and n?
1
Let h be 4/(12/(-17))*-6. Calculate the greatest common factor of 170 and h.
34
Suppose 0*d + 144 = d + v, -v = -1. Let r(t) = -t**2 + 9*t - 5. Let y be r(6). Calculate the greatest common divisor of y and d.
13
Suppose -2*a = -o - 13 - 55, 3*a + 5*o = 89. Suppose 0 = -4*p - z + a, 5*p = z + 2*z + 37. Calculate the highest common factor of p and 8.
8
Suppose 4*s + 5*h = s + 95, -3*s = -4*h - 113. Calculate the highest common factor of s and 385.
35
Suppose 2*w - 84 + 28 = 0. Calculate the greatest common divisor of 42 and w.
14
Suppose 2*h + 8 = -2. Suppose r + 3*r = -g - 7, -12 = 5*r - 2*g. Let u = r - h. Calculate the highest common factor of 15 and u.
3
Suppose 0 = 2*h - 3*h + 308. What is the highest common divisor of h and 44?
44
Let k = 34 - 29. Calculate the greatest common divisor of 40 and k.
5
Let o(g) = -38*g - 4. Let l be o(-3). Calculate the highest common factor of 10 and l.
10
Let p(z) = z**3 + 10*z**2 + z + 10. Let a be p(-10). Suppose 9 = 2*j + 5*s - 22, -4*j + 2*s + 26 = a. What is the highest common divisor of 72 and j?
8
Let q(w) = -w + 10. Let v be q(8). Suppose v*t - 1 = -17. Let u = t + 10. Calculate the highest common divisor of 2 and u.
2
Let c = -51 + 71. Calculate the greatest common factor of c and 4.
4
Let h = -2 - -2. Let p = h + 8. What is the greatest common divisor of 88 and p?
8
Let w = 44 - 29. Suppose 0 = 2*b - 5 - 25. What is the greatest common divisor of w and b?
15
Let q = -67 - -85. Calculate the greatest common factor of q and 63.
9
Suppose -m - m - 4*w = -394, -4*m = 3*w - 798. Suppose 4*f - m = 51. Calculate the greatest common divisor of f and 7.
7
Let a be 103 + 4 + -1 + -6. Suppose -5*j = 3*f - 90, 4*j + 21 = 2*f - 17. What is the greatest common factor of a and f?
25
Let y(p) be the second derivative of p**4/4 + 3*p**3/2 + p**2/2 + p. Let g be y(-6). Suppose 1 = 4*n - 43. Calculate the highest common divisor of n and g.
11
Suppose -2*k + 3*o - 3 = -0, 2*k - 4*o = -2. Let q be 2/((-4)/(-22)) + k. Calculate the highest common divisor of 32 and q.
8
Let r = -26 - -57. Let x = 75 - r. What is the highest common divisor of 4 and x?
4
Let s(n) = n**2 + 7*n + 27. Let g be s(-9). Calculate the highest common divisor of 15 and g.
15
Suppose 274 = 5*a - 96. Suppose -5*q = 2*u - a, 216 = -u + 6*u - 3*q. What is the greatest common divisor of 6 and u?
6
Suppose 4*i + 2 = 3*n, -2 = -4*n - 4*i + 10. Suppose 3*p + n*h - 36 = 22, -5*h - 55 = -5*p. What is the highest common divisor of 16 and p?
16
Let x be -6*(0 + 27/(-6)). Let v be (-13)/(-39) - 890/(-3). What is the highest common factor of v and x?
27
Let x = 47 - -82. Suppose 0 = 3*f + f - 120. Let c = x - f. What is the greatest common divisor of c and 11?
11
Let i(h) be the second derivative of -2*h**3/3 + h**2 - h. Let x be i(-5). Calculate the highest common divisor of x and 176.
22
Suppose -l + d + 16 = -d, 5*l = d + 44. Calculate the highest common divisor of 2 and l.
2
Suppose 0*z + 2*z + 98 = 2*p, -206 = 4*z + p. Let q = z - -93. What is the highest common factor of 21 and q?
21
Let y(o) = -o**3 + 9*o**2 - 12*o + 5. Let m be y(5). What is the highest common divisor of m and 5?
5
Suppose -4*y = y - 50. What is the highest common factor of y and 2?
2
Let u(p) = -4 + 8*p - 5*p + 2. Let y be u(5). Let g = 87 + 17. Calculate the greatest common divisor of y and g.
13
Let m be (0 + 2)/(2/(-4)). Let l be (2 + -1)/(m/(-100)). Suppose -11 = 2*v + 3*c - l, v + 4*c - 12 = 0. What is the highest common divisor of 4 and v?
4
Let h(w) = w**2 - 2*w + 3. Let i be h(2). Suppose i*o = -o + 8. Suppose r + 0*g - o*g - 28 = 0, 14 = r + 5*g. Calculate the greatest common factor of 6 and r.
6
Suppose 3*q - 5*g - 19 = 0, 3*q - 6*q - 2*g - 16 = 0. Let j = 10 - q. Suppose -3*h = 30 - 120. What is the greatest common divisor of j and h?
6
Let u = -3 - -24. Let q(d) = -20*d + 24. Let w be q(-3). What is the highest common factor of u and w?
21
Let k = 11 + 5. Calculate the greatest common divisor of k and 64.
16
Let v = -56 - -92. Let s(l) be the second derivative of l**4/2 + l**3/6 + 3*l**2/2 - 5*l. Let g be s(-3). Calculate the greatest common divisor of g and v.
18
Suppose -5*d - 453 + 1807 = -2*m, m = -2*d + 547. Calculate the greatest common factor of d and 34.
34
Let t = 22 - 38. Let c = t + 33. What is the highest common factor of c and 17?
17
Let r(c) = 4*c**2 + c - 7. Let b be r(-6). Suppose b = 3*z - x, 0*x = -2*z - x + 89. What is the greatest common factor of 11 and z?
11
Suppose 36 = 4*j + 3*x, 5*j - 29 - 47 = 4*x. Suppose -4*o + o + 15 = 0. Suppose -2*v - 4 = -4*v, o*v = 3*d + 1. What is the greatest common divisor of d and j?
3
Suppose u - 5 = -0*u. Suppose -17*w + 815 = 50. Calculate the highest common divisor of u and w.
5
Suppose 4*f - 53 = 143. Let w = f - 23. Calculate the greatest common factor of w and 39.
13
Let m(f) = f**3 + 4*f**2 + 3*f + 6. Let o be m(-5). Let q = o + 56. What is the greatest common divisor of 22 and q?
22
Let u = 5 + -3. Let w be -1 - ((u - 4) + -12). Let n(z) = 17*z**2 - 3*z - 1. Let d be n(3). What is the highest common divisor of w and d?
13
Let g be 12/6*(2 - 1). Suppose 0 = r - 16 - g. What is the highest common divisor of 72 and r?
18
Let v(l) = l**3 - l**2 - 3*l + 2. Let n be v(3). Calculate the greatest common divisor of n and 1.
1
Suppose 2*y - 2*a = -0*y + 16, 3*y - 20 = 2*a. Let c = 44 + y. Calculate the highest common factor of 6 and c.
6
Let k be -4*(3 + 13/(-4)). Suppose 0 = 8*h - 3*h - 55. Suppose -k - h = -w. What is the greatest common factor of w and 108?
12
Let j = 46 - 19. What is the highest common factor of j and 27?
27
Let s = 10 + -4. Suppose 0*n + 5*t = 5*n + 10, -4*n = 4*t - 32. What is the greatest common divisor of n and s?
3
Suppose 5*u = -50 + 145. Let f be (-15)/(-6)*13*4. Let l = f - 35. Calculate the greatest common divisor of u and l.
19
Suppose 4*j = -4*h + 48, -5*h - 3 = 7. What is the greatest common factor of 70 and j?
14
Let y = -24 - -37. Let i = y + -8. Let g = -35 + 50. What is the highest common factor of g and i?
5
Let i = -30 + 42. What is the highest common divisor of i and 4?
4
Let m(p) = p**3 + 20*p**2 - 21*p + 50. Let j be m(-21). What is the highest common divisor of 50 and j?
50
Let y be (6/7)/(9/42). Let f be (-1 + -13)*(-1 + -1). Calculate the greatest common factor of y and f.
4
Let b = -86 - -354. Suppose -b = -5*u + u. Suppose 0 = -3*r + 68 + u. Calculate the greatest 